at is the hundreds digit of c?
2
Let n(p) = -p**3 - 9*p**2 - 9*p - 12. Let z be n(-8). What is the units digit of (-14)/(-1) + 1 + z?
1
Let b(o) = o**3 - 2*o - 7. Let v(z) = 4*z**3 - 6*z - 20. Let t(u) = 17*b(u) - 6*v(u). Let y be 7/(-4) - 18/(-24). What is the units digit of t(y)?
6
Let o(g) = g**2 + 3*g - 6. Let a(h) = -2*h + 13. Let d be a(9). Let s be o(d). Suppose -25 = -2*f + 5*t, 0 = -2*f - s*t + 13 + 3. What is the units digit of f?
0
Let g = -13 - -15. Suppose g = h - 3. What is the units digit of h?
5
Let u(d) = -2*d + 16. What is the tens digit of u(-12)?
4
What is the units digit of ((-110)/(-4))/5*8?
4
Let t be (-2)/(6/(-9)) - -1. Let g(k) = -4*k + 4. Let q be g(t). What is the units digit of (12/(-5))/(q/40)?
8
Suppose -7 + 160 = -3*v. Let k = -15 - v. Suppose -5*r = k - 116. What is the tens digit of r?
1
Suppose -2 = c - a, -13 + 1 = c - 3*a. Suppose -c*s - 12 = -27. What is the units digit of s?
5
Let l = -20 - -44. What is the tens digit of l?
2
Let z be 6*(1 + (-9)/6). Let q = z - -6. What is the units digit of q?
3
Suppose -l + 6 = 2*q, -4*l + 3*q + 1 = -1. Suppose -25 - 13 = -l*g. What is the units digit of g?
9
Suppose -2 - 18 = -5*z. Let y(d) = -d**3 + 4*d**2 - d + 4. Let h be y(z). Suppose p - 3 = -h. What is the units digit of p?
3
Let x be (-2)/(2*-3)*3. What is the units digit of x + 0 - -16 - 1?
6
Let k = -33 + 60. What is the tens digit of k?
2
Suppose 3*u + 4*y - 685 = 0, -3*u + 323 = -y - 357. What is the hundreds digit of u?
2
Let g be (-30)/4 - 3/(-2). Let d(t) = t**3 + 5*t**2 - 9*t + 7. What is the units digit of d(g)?
5
Let x = -179 - -250. Suppose 2*l + x = 3*n, 0*l - 24 = -n + l. What is the tens digit of n?
2
Let m = 2 + -7. Let y = 41 + m. What is the units digit of y?
6
Let r = 107 - 53. Suppose 3*a = -0*a + r. Suppose u - a = -u. What is the units digit of u?
9
Let p(m) = 19*m**3 + m + 4. Let g(h) = h**3 + 1. Let d(n) = -5*g(n) + p(n). What is the tens digit of d(1)?
1
Let y be (-1 - (-23 - -1)) + 0. Let a be 6/(-21) + (-162)/y. Let d = 14 + a. What is the units digit of d?
6
Suppose 1 - 7 = 2*v. Let w(i) = 5*i - 8. Let f(j) = -3*j + 5. Let r(k) = -8*f(k) - 5*w(k). What is the units digit of r(v)?
3
Let j be (0/(-1))/(4 + -5). Suppose -5*y + y + 8 = j. What is the units digit of y?
2
What is the tens digit of -36*(16/(-6) - -1)?
6
Suppose 9 = 3*d - 6. What is the units digit of d?
5
Suppose n = -3*l - 17, 2 = 5*n - 3*l - 3. Let c(p) = -p**3 + 10*p**2 - 2*p + 13. Let a be c(10). What is the units digit of ((a - n) + 1)*-2?
8
Let n be (-3)/6*0 - -6. Suppose 5*b + 18 - n = 4*l, -14 = l + 3*b. What is the units digit of ((-4)/l - 2) + 2?
2
Let r(a) = -36*a - 7. What is the units digit of r(-7)?
5
Let z = 7 + -8. Let k = 2 - z. What is the units digit of k?
3
Let i be 3*(0 - 8/(-12)). Suppose -4*g = 4*f - g - 8, f - i = 3*g. What is the units digit of f?
2
Let b be ((-12)/2)/(-9 + 10). What is the tens digit of (-222)/(-18) + 2/b?
1
Suppose -3*u + 332 - 6 = 5*p, 3*u - 361 = 2*p. What is the hundreds digit of u?
1
Let k(a) be the third derivative of 2/3*a**3 + 0 - 2*a**2 - 1/24*a**4 + 0*a. What is the units digit of k(2)?
2
Let m(y) = -y**3 - 3*y**2 + y - 2. Let a be m(-3). Suppose -b + 1 = -4. Let u = b - a. What is the tens digit of u?
1
Let q = -17 - -85. Suppose 0 = 5*c - q + 3. Let i = c + -6. What is the units digit of i?
7
Let g be 6/10 + (-2)/(-5). Let a be (0 + 7)/(4 + -3). Let x = g + a. What is the units digit of x?
8
Let p be (-432)/(-80) - (-2)/(-5). Suppose 0 = -m + p*s - 6, 14 = 3*m + s - 48. What is the tens digit of m?
1
Let a(p) = 35*p. Let x be a(-3). Let y be 2/((-6)/x) + 1. Suppose -3*s = -5*j - 15, 3*s + 2*j + 0*j - y = 0. What is the tens digit of s?
1
Let p = -105 - -306. What is the tens digit of p?
0
Suppose 194 = 17*m - 15*m. What is the tens digit of m?
9
Let v be (-205)/10*4/(-2). Let g = -27 + v. What is the units digit of g?
4
Suppose -b = 3*b - 5*j - 523, 670 = 5*b - 3*j. What is the tens digit of b?
3
Let a = -2 - -7. Suppose 2*l = 5*j + 33, 2*l - 21 = -2*l + j. Suppose 2*x - 38 = l*q, 3*q - a + 40 = 2*x. What is the units digit of x?
3
What is the units digit of 2*-2 - (-264)/4?
2
Let i(a) = 14*a**2 + 2*a - 1. What is the units digit of i(1)?
5
Suppose 4*x + u - 131 = 86, 0 = 5*x + 4*u - 274. What is the units digit of x?
4
Let q = 2 + -2. Let t(c) = c**2 + c. Let o be t(q). What is the tens digit of 12/1 + o + -1?
1
Let z(x) = x**3 - 16*x**2 + 17*x + 5. What is the units digit of z(15)?
5
Let i(b) = -5 - 3*b**2 + 5*b**2 - b**2. What is the tens digit of i(5)?
2
Suppose 4 = 5*m + 9. Let c(q) = -13*q - 1. What is the tens digit of c(m)?
1
Let w = 6 + -4. What is the tens digit of w/(-4) - 350/(-20)?
1
Suppose l - 2*g - 14 = 1, -g = -3*l + 30. Let k = l - 4. What is the units digit of k?
5
Let j(r) = 6*r + 0 - 1 + 0*r + 0. Let d be j(3). Suppose -5*c + 97 = d. What is the tens digit of c?
1
Let n = -19 + 22. Let c = n - -1. What is the units digit of c?
4
Suppose -2*o + 17 = 5. Let l(z) = -z**2 + 8*z + 1. What is the tens digit of l(o)?
1
Let d = -24 + 38. Let w = -9 + d. What is the units digit of w?
5
Let u(g) = -g**3 - 12*g**2 - 17*g + 13. What is the hundreds digit of u(-12)?
2
Let b(u) = 2*u + 1. Let y(s) = s - 1. Let f(x) = -2*b(x) + 2*y(x). Let i be f(-7). What is the units digit of i*(51/15 + -3)?
4
What is the hundreds digit of 138 + (0*(-3)/(-12) - 0)?
1
Suppose 16*j - 531 + 99 = 0. What is the units digit of j?
7
Let p(d) = 21*d**2 + d - 1. Suppose -15 = 3*q, -q + 2*q + 7 = 2*s. What is the units digit of p(s)?
1
Let s(x) = 7*x**3 - 7*x**2 - 7*x + 6. What is the tens digit of s(4)?
1
Let y = 5 - 2. Let b = -13 + 31. Suppose f + y = b. What is the tens digit of f?
1
Let x = 82 + -44. What is the units digit of x?
8
Suppose -2 = -2*o, 0 + 6 = 2*s + 2*o. Suppose -6*c + 40 = -s*c. Suppose 6*l = l + c. What is the units digit of l?
2
Suppose 4*z + 32 = 8*z. What is the units digit of (34/z)/(9/36)?
7
Let u = -34 - -52. Suppose -3*p + u = -0*p. What is the units digit of p?
6
Let u = -326 + 621. What is the units digit of u?
5
Let x(k) = k - 6. Let z be x(3). Let h be 0 + (-1 - -3 - -1). What is the units digit of z/(-9) - (-17)/h?
6
Let r(y) = y**2 - 2. Let n be r(2). Suppose -2*z = i - 2, n*i + 9 = 4*i - z. Suppose 0 = -4*j - i, 2*j - 18 = -2*a + 4*j. What is the units digit of a?
8
Let m(a) = 7*a**3 - a**2 - a - 2. Let q be m(2). Let h be 20/(-6)*q/(-20). Suppose 0 = 4*u, -4*r - 3*u - h + 24 = 0. What is the units digit of r?
4
Suppose n = -r + 3, 10 + 9 = 5*n + r. Suppose 5 = -4*b - 3. Let j = b + n. What is the units digit of j?
2
Let f = 45 + -20. What is the units digit of f?
5
Suppose -114 = -3*i - 4*k, -2*k - 130 = -3*i - i. What is the units digit of i?
4
Let j(c) = -c**3 + 9*c**2 + 11*c + 4. What is the tens digit of j(-5)?
9
Suppose 5*a = -20, -5*a - 59 + 9 = -5*g. Let s = 10 - 20. Let b = g - s. What is the tens digit of b?
1
Let v be (-4)/(-6) + (-60)/(-18). Suppose -3 = v*a + 25. What is the tens digit of a*(-1 - 3/3)?
1
Suppose 0*k - 2*k = 0. Suppose -7*n + 3*n + 8 = k. Suppose -c + n + 0 = 0. What is the units digit of c?
2
Let d be 1/(1*2/30). Let r = 32 - d. What is the units digit of r?
7
Let i(d) = d + 11. Let k be i(-5). Suppose f - 2*t + 0*t = 2, -k = -2*f + 3*t. Suppose 2*j + 4 = f*j. What is the units digit of j?
1
Let y = 0 + 3. Let q(u) = -5 + 3*u + 1 + y. What is the units digit of q(2)?
5
Let b(w) = -w**2 - 7*w + 7. Let o be b(-6). What is the tens digit of o - (-3 - (-18)/3)?
1
Suppose 54 = 17*r - 16*r. What is the tens digit of r?
5
Suppose -4*u + 37 = h, -u + 5*h + 27 = 2. Suppose 6 = -4*t + 7*t. Suppose -8 - u = -t*q. What is the units digit of q?
9
Let i(x) = -4*x - 3 + 0 + 0*x + 3*x. What is the units digit of i(-4)?
1
Let v(s) = -3*s**2 - 12*s + 3. Let a(t) = 7*t**2 + 25*t - 5. Let h(d) = -4*a(d) - 9*v(d). Let z = -7 - -12. What is the units digit of h(z)?
8
Let z = 7 - 13. Let q be 2/6 - 4/z. What is the units digit of -2 + (9 - -2)*q?
9
Let a = 84 + -18. What is the units digit of a?
6
Suppose 2*u - 7 = -1, 17 = 4*c + 3*u. Let a = 16 - 15. Let i = a + c. What is the units digit of i?
3
Let h(n) = -n**2 + 4*n + 1. Let j be h(2). Suppose 17 = 4*r + j. Suppose -1 - 17 = -r*v. What is the units digit of v?
6
Let d = 26 + -18. Let c be